{"id":4,"date":"2007-05-16T19:35:37","date_gmt":"2007-05-16T16:35:37","guid":{"rendered":"http:\/\/www.neulakko.net\/?page_id=4"},"modified":"2020-07-13T13:47:16","modified_gmt":"2020-07-13T10:47:16","slug":"ohjeita","status":"publish","type":"page","link":"https:\/\/neulakko.net\/?page_id=4","title":{"rendered":"Ohjeita"},"content":{"rendered":"<p>Kokoan t\u00e4nne tekemi\u00e4ni ohjeita keskiaikavaatteiden tekemiseen. Osa ohjeista on tarjolla pdf:n\u00e4. Pyyd\u00e4n lukijalta k\u00e4rsiv\u00e4llisyytt\u00e4 ohjeiden kanssa &#8211; ohjeiden kirjoittaminen ei ole helppo laji. Toivon, ett\u00e4 saatte n\u00e4ist\u00e4 selv\u00e4\u00e4 ja ennen kaikkea apua projekteihinne!<\/p>\n<h3>Mekot<\/h3>\n<p><a href=\"http:\/\/www.neulakko.net\/wp-content\/uploads\/2007\/07\/Hihamoniste.pdf\">Hihaluennon luentomateriaali<\/a>&nbsp;(PDF)<br \/>\nLuento siit\u00e4, miten kaavoitetaan syd\u00e4nkeskiajan istuva, napitettu hiha. Kuvia alkuper\u00e4isist\u00e4 hihoista, ohjeet kangasnapin ompeluun.<\/p>\n<p><a href=\"http:\/\/www.neulakko.net\/?page_id=28\">Ohjeet keskiaikaisen mekon tekemiseen<\/a>&nbsp;Gr\u00f6nlannista, Herjolfsnesista l\u00f6ydetyn mekon perusteella. Ohjeiden lis\u00e4ksi tietoa l\u00f6yd\u00f6st\u00e4 ja joitain p\u00e4ivityksi\u00e4 ohjeeseen, joka on 2000-luvun alusta.<\/p>\n<h3>Asusteet ja alusvaatteet<\/h3>\n<p><a href=\"http:\/\/www.neulakko.net\/?page_id=22\">Bockstenin miehen huppu<\/a><br \/>\nArtikkeli Bockstenin miehest\u00e4 ja siit\u00e4, miten tehd\u00e4\u00e4n itselle sopiva kaava arkeologisesta viivapiirroksesta.<\/p>\n<p><a href=\"http:\/\/www.neulakko.net\/?page_id=17585\">How to make a supportive smock&nbsp;<\/a>(In English) and an accompanying FAQ.&nbsp;Download the handout I made for a workshop I gave on making a supportive underdress at Visby medieval week at Kapitelhusg\u00c3\u00a5rden in 2015<\/p>\n<p><a href=\"http:\/\/www.neulakko.net\/wp-content\/uploads\/2010\/03\/Keskiaikaiset-sukat.pdf\">Keskiaikaiset sukat<\/a>&nbsp;(PDF)<br \/>\nPdf luentomonisteesta, jota k\u00e4ytin opettaessani sukan kaavoitusta kev\u00e4\u00e4ll\u00e4 2006. HUOM! Ohje voi olla vaikeaselkoinen niille, jotka eiv\u00e4t olleet itse luennolla. Ohje on ensisijaisesti lyhytvartisten naisten sukkien tekemiseen, mutta sukan varsiosaa pident\u00e4m\u00e4ll\u00e4 voi sen avulla tehd\u00e4 helposti my\u00f6s pitk\u00e4vartiset miesten sukat.<\/p>\n<p><a href=\"http:\/\/www.neulakko.net\/\/?page_id=182\">Keskiaikaisten kangassukkien<\/a>&nbsp;kuvalliset ompeluohjeet kertovat, miten ja mill\u00e4 pistoilla sukka kannattaa koota.<\/p>\n<p>&nbsp;<\/p>\n<h3>Hunnut ja kampaukset<\/h3>\n<p>Ohjeet huntuihin ja kampauksiin<a href=\"http:\/\/www.neulakko.net\/?page_id=2040\"> l\u00f6yd\u00e4t t\u00e4\u00e4lt\u00e4.&nbsp;<\/a><\/p>\n<h3>Muut<\/h3>\n<p><a href=\"http:\/\/www.neulakko.net\/?page_id=13\">Artikkeli k\u00e4sinompelun v\u00e4lineist\u00e4<br \/>\n<\/a>Millaisilla varusteilla k\u00e4sinompelu sujuu helposti ja mukavasti?<\/p>\n<p>&nbsp;<\/p>\n<p><a href=\"\/\/www.pinterest.com\/pin\/create\/button\/\" data-pin-do=\"buttonBookmark\" data-pin-color=\"red\" data-pin-height=\"128\"><img decoding=\"async\" src=\"\/\/assets.pinterest.com\/images\/pidgets\/pinit_fg_en_rect_red_28.png\" \/><\/a><\/p>","protected":false},"excerpt":{"rendered":"<p>Kokoan t\u00e4nne tekemi\u00e4ni ohjeita keskiaikavaatteiden tekemiseen. Osa ohjeista on tarjolla pdf:n\u00e4. Pyyd\u00e4n lukijalta k\u00e4rsiv\u00e4llisyytt\u00e4 ohjeiden kanssa &#8211; ohjeiden kirjoittaminen ei ole helppo laji. Toivon, ett\u00e4 saatte n\u00e4ist\u00e4 selv\u00e4\u00e4 ja ennen kaikkea apua projekteihinne! Mekot Hihaluennon luentomateriaali&nbsp;(PDF) Luento siit\u00e4, miten kaavoitetaan syd\u00e4nkeskiajan istuva, napitettu hiha. Kuvia alkuper\u00e4isist\u00e4 hihoista, ohjeet kangasnapin ompeluun. Ohjeet keskiaikaisen mekon tekemiseen&nbsp;Gr\u00f6nlannista, Herjolfsnesista &hellip; <\/p>\n<p class=\"link-more\"><a href=\"https:\/\/neulakko.net\/?page_id=4\" class=\"more-link\">Jatka lukemista<span class=\"screen-reader-text\"> &#8221;Ohjeita&#8221;<\/span><\/a><\/p>\n","protected":false},"author":2,"featured_media":1060,"parent":0,"menu_order":0,"comment_status":"open","ping_status":"closed","template":"","meta":{"jetpack_post_was_ever_published":false,"footnotes":""},"class_list":["post-4","page","type-page","status-publish","has-post-thumbnail","hentry"],"jetpack_shortlink":"https:\/\/wp.me\/P3uIb4-4","jetpack_sharing_enabled":true,"_links":{"self":[{"href":"https:\/\/neulakko.net\/index.php?rest_route=\/wp\/v2\/pages\/4","targetHints":{"allow":["GET"]}}],"collection":[{"href":"https:\/\/neulakko.net\/index.php?rest_route=\/wp\/v2\/pages"}],"about":[{"href":"https:\/\/neulakko.net\/index.php?rest_route=\/wp\/v2\/types\/page"}],"author":[{"embeddable":true,"href":"https:\/\/neulakko.net\/index.php?rest_route=\/wp\/v2\/users\/2"}],"replies":[{"embeddable":true,"href":"https:\/\/neulakko.net\/index.php?rest_route=%2Fwp%2Fv2%2Fcomments&post=4"}],"version-history":[{"count":9,"href":"https:\/\/neulakko.net\/index.php?rest_route=\/wp\/v2\/pages\/4\/revisions"}],"predecessor-version":[{"id":63114,"href":"https:\/\/neulakko.net\/index.php?rest_route=\/wp\/v2\/pages\/4\/revisions\/63114"}],"wp:featuredmedia":[{"embeddable":true,"href":"https:\/\/neulakko.net\/index.php?rest_route=\/wp\/v2\/media\/1060"}],"wp:attachment":[{"href":"https:\/\/neulakko.net\/index.php?rest_route=%2Fwp%2Fv2%2Fmedia&parent=4"}],"curies":[{"name":"wp","href":"https:\/\/api.w.org\/{rel}","templated":true}]}}