{"id":17585,"date":"2016-04-04T21:22:58","date_gmt":"2016-04-04T18:22:58","guid":{"rendered":"http:\/\/www.neulakko.net\/?page_id=17585"},"modified":"2023-11-21T14:12:35","modified_gmt":"2023-11-21T12:12:35","slug":"how-to-make-a-supportive-smock-for-your-medieval-outfit","status":"publish","type":"page","link":"https:\/\/neulakko.net\/?page_id=17585","title":{"rendered":"How to make a supportive smock for your medieval outfit"},"content":{"rendered":"<p><a href=\"http:\/\/www.neulakko.net\/wp-content\/uploads\/2016\/04\/enlight1-1.jpg\"><img loading=\"lazy\" decoding=\"async\" class=\"aligncenter\" src=\"http:\/\/www.neulakko.net\/wp-content\/uploads\/2016\/04\/enlight1-1.jpg\" alt=\"\" width=\"414\" height=\"575\" \/><\/a><\/p>\n<h3 style=\"text-align: center;\"><em>Download the handout with all the instructions originally made for<br \/>\na workshop on making a supportive underdress<br \/>\n<\/em><em>at Visby medieval week 2015 here:<\/em><em><br \/>\n<\/em><span style=\"color: #800000;\"><a href=\"https:\/\/neulakko.net\/wp-content\/uploads\/2023\/11\/Supportive-underdress-1.pdf\">How to make a supportive smock &#8211; Lady, have pity on the breast! (pdf)<\/a><br \/>\n<\/span><\/h3>\n<p style=\"text-align: left;\">I made the handout with the intention that you can use it independently, without participating in the workshop. It includes really all I have to say about making a supportive underdress. There are a few frequently asked questions, which I will answer below.<\/p>\n<h3 style=\"text-align: center;\"><span style=\"color: #800000;\">Supportive smock FAQ<\/span><\/h3>\n<h4>Q: So is this what they really wore in the middle ages?<\/h4>\n<p>There is precious little that we know for sure about medieval underwear. Depictions are few and preserved pieces are even fewer. So I cannot say for certain that this is what women wore. However, this smock is made of materials and with techniques that certainly excisted and it looks like the smocks that we have visual evidence for in manuscripts etc. \u00c2\u00a0It is a calf-length linen smock with long sleeves that supports the breasts. Something that <em>could<\/em> have been worn. It&#8217;s what I wear for underwear when I do living history.<\/p>\n<h4>Q:\u00c2\u00a0\u00c2\u00a0How do you put it on? Is there some kind of lacing in the back? Or do you just wiggle in?<\/h4>\n<p>There are no lacings or other fastenings in the dress. You just pull it on and adjust, which isn&#8217;t as complicated as it sounds. The process goes like this: you pull the smock on over your head like any other smock. Once on, you use your hands to pull your breasts up into place via the neckline opening so that they are no longer squeezed flat by the tightest part of the smock. \u00c2\u00a0The tight part should sit under your breasts and your breasts above it. Luckily breasts are soft and malleable so they make this kind of an adjustment easy.<\/p>\n<h4>Q: I&#8217;m a size 70E\/75K &#8211; will this hold my breasts in place?<\/h4>\n<p>I&#8217;ve fitted these dresses for over 10 years on all sorts of wonderful women of different shapes and sizes. From that experience I can say that big breasts are not an issue. If the linen is sturdy, It will work for you. (I also know for certain because I&#8217;ve worn this dress with the bra sizes mentioned in the question above.) Usually the kind of shape this is trickiest on is one where the breasts are small and the person is of a petite shape &#8211; then it can be hard to fit a dress that is still possible to get out of and still tight enough. But these have been rather rare cases. I have heard that in this situation, a (side) lacing can be an effective solution.<\/p>\n<h4><strong>Q: What other alternatives are there?<\/strong><\/h4>\n<p>In the recent years a really interesting stuff on medieval underwear has been discovered! Look at options to find a good fit for yourself as well as the time\/place\/person you wish to portray. Look at Medieval Silkwork posting about: Supportive underwear in <a href=\"http:\/\/www.medievalsilkwork.com\/2012\/08\/15th-century-bra-found-at-schloss.html\">pictorial sources<\/a>\u00c2\u00a0and in <a href=\"http:\/\/www.medievalsilkwork.com\/2012\/08\/bra-shirts-in-written-sources.html\">written sources<\/a>\u00c2\u00a0and have a look at this<a href=\"http:\/\/deventerburgerscap.blogspot.fi\/2013\/04\/making-my-bra-shirt-part-ii.html\"> bra-shirt<\/a>! And the fascinating 15th century find at<a href=\"http:\/\/www.historyextra.com\/lingerie\"> Lengberg Castle<\/a>\u00c2\u00a0(a little too late for me but super interesting). And you can also consider making a your <a href=\"http:\/\/wp.bymymeasure.com\/fitting-and-construction\/pattern-a-gothic-fitted-dress\">dress layer supportive<\/a> and just wear a very loose smock.<\/p>\n<h4><strong>Q: Why do I need a supportive underdress?<\/strong><\/h4>\n<p>A lot of women are used to having some support of the breasts so it is a question of comfort. It is also a matter of achieving the correct silhouette &#8211; as dresses become more and fitted the kind of silhouette they show is one where the breasts seem to be lifted up and pushed together, which hints that there has to be some support. Modern underwear (bras and tops) has a tendency of showing at the neckline at awkward moments and it also never provides the correct looking medieval silhouette. Having the underpinnings that go with the rest of the outfit just makes yous clothes look 100% better!<\/p>\n<h4><strong>Q: Can I fit myself?<\/strong><\/h4>\n<p>It&#8217;s really really really hard. I seriously suggest getting someone to help, especially the first time you do this.<\/p>\n<h4><strong>Q: Can I use whatever fabric I have? Is a thin twill ok for this?<\/strong><\/h4>\n<p>The right materials are necessary to make the dress work. A thin fabric will not provide you with enough support and a twill will stretch so the support will be lost. So get tabby woven sturdy linen. Linen is also a super material to be worn under layers of wool vs. cotton that becomes icky really soon. Hemp is also a great choice.<\/p>\n<h4>Q: Miksei t\u00e4t\u00e4 ole suomeksi? (Why isn&#8217;t this here in Finnish)<\/h4>\n<p>No se onkin harmillista! Aika ei ole riitt\u00e4nyt tuon uuden ohjeen k\u00e4\u00e4nt\u00e4miseen englannista suomeksi ja halusin mielummin postata t\u00e4ydennetyt ohjeet kuin hautoa niit\u00e4 odottaessani seesteist\u00e4 hetke\u00e4 kesken ruuhkavuosien k\u00e4\u00e4nt\u00e4mishommaa varten. Toivottavasti saatte selkoa englanninkielisest\u00e4! Mutta toisaalta Suomessa t\u00e4t\u00e4 on monet tehneetkin, ja <a href=\"http:\/\/www.neulakko.net\/?page_id=4\">Suvituulin tekem\u00e4 mainio klassikko-ohje Neulakon Ohjesivulla<\/a> on periaatteessa aivan sama juttu (uudessa versiossa tehd\u00e4\u00e4n lis\u00e4ksi hihat).<\/p>\n<p><strong>&#8230; and remember to keep it short enough to avoid<a href=\"http:\/\/www.neulakko.net\/?p=17465\"> a certain very medieval sort of embarrasment!<\/a><\/strong><\/p>\n<p><a href=\"http:\/\/www.neulakko.net\/wp-content\/uploads\/2016\/04\/img_2938.jpg\"><img loading=\"lazy\" decoding=\"async\" class=\"aligncenter\" src=\"http:\/\/www.neulakko.net\/wp-content\/uploads\/2016\/04\/img_2938.jpg\" alt=\"\" width=\"349\" height=\"629\" \/><\/a><\/p>\n<p><a href=\"\/\/www.pinterest.com\/pin\/create\/button\/\" data-pin-do=\"buttonBookmark\" data-pin-color=\"red\" data-pin-height=\"128\"><img decoding=\"async\" src=\"\/\/assets.pinterest.com\/images\/pidgets\/pinit_fg_en_rect_red_28.png\" \/><\/a><\/p>","protected":false},"excerpt":{"rendered":"<p>Download the handout with all the instructions originally made for a workshop on making a supportive underdress at Visby medieval week 2015 here: How to make a supportive smock &#8211; Lady, have pity on the breast! (pdf) I made the handout with the intention that you can use it independently, without participating in the workshop. &hellip; <\/p>\n<p class=\"link-more\"><a href=\"https:\/\/neulakko.net\/?page_id=17585\" class=\"more-link\">Jatka lukemista<span class=\"screen-reader-text\"> &#8221;How to make a supportive smock for your medieval outfit&#8221;<\/span><\/a><\/p>\n","protected":false},"author":2,"featured_media":17856,"parent":4,"menu_order":0,"comment_status":"closed","ping_status":"closed","template":"","meta":{"jetpack_post_was_ever_published":false,"footnotes":""},"class_list":["post-17585","page","type-page","status-publish","has-post-thumbnail","hentry"],"jetpack_shortlink":"https:\/\/wp.me\/P3uIb4-4zD","jetpack_sharing_enabled":true,"_links":{"self":[{"href":"https:\/\/neulakko.net\/index.php?rest_route=\/wp\/v2\/pages\/17585","targetHints":{"allow":["GET"]}}],"collection":[{"href":"https:\/\/neulakko.net\/index.php?rest_route=\/wp\/v2\/pages"}],"about":[{"href":"https:\/\/neulakko.net\/index.php?rest_route=\/wp\/v2\/types\/page"}],"author":[{"embeddable":true,"href":"https:\/\/neulakko.net\/index.php?rest_route=\/wp\/v2\/users\/2"}],"replies":[{"embeddable":true,"href":"https:\/\/neulakko.net\/index.php?rest_route=%2Fwp%2Fv2%2Fcomments&post=17585"}],"version-history":[{"count":23,"href":"https:\/\/neulakko.net\/index.php?rest_route=\/wp\/v2\/pages\/17585\/revisions"}],"predecessor-version":[{"id":75945,"href":"https:\/\/neulakko.net\/index.php?rest_route=\/wp\/v2\/pages\/17585\/revisions\/75945"}],"up":[{"embeddable":true,"href":"https:\/\/neulakko.net\/index.php?rest_route=\/wp\/v2\/pages\/4"}],"wp:featuredmedia":[{"embeddable":true,"href":"https:\/\/neulakko.net\/index.php?rest_route=\/wp\/v2\/media\/17856"}],"wp:attachment":[{"href":"https:\/\/neulakko.net\/index.php?rest_route=%2Fwp%2Fv2%2Fmedia&parent=17585"}],"curies":[{"name":"wp","href":"https:\/\/api.w.org\/{rel}","templated":true}]}}