{"id":134,"date":"2018-04-04T13:36:17","date_gmt":"2018-04-04T13:36:17","guid":{"rendered":"https:\/\/neulakko.net\/iloinenjoutsen\/?page_id=134"},"modified":"2018-04-18T12:35:30","modified_gmt":"2018-04-18T12:35:30","slug":"keskiajan-muotia","status":"publish","type":"page","link":"https:\/\/neulakko.net\/iloinenjoutsen\/mita-teemme\/keskiajan-muotia\/","title":{"rendered":"Keskiajan muotia"},"content":{"rendered":"<p><em>Mit\u00e4 linnanneito puki ylleen aamulla? Mist\u00e4 erotti rikkaan ja\u00a0 k\u00f6yh\u00e4n? Miten vaatteet oli valmistettu? Milaista oli sopiva pukeutuminen? Mik\u00e4 oli muotia?\u00a0<\/em><\/p>\n<p>Iloisen Joutsenen keskiaikaisen muodin asiantuntijat vastaavat n\u00e4ihin ja muihin kysymyksiin havainnollisesti ja hauskastikin. Paljastamme keskiaikaisen pukeutumisen salat kerros kerrokselta, perehdyt\u00e4mme muodin viileisiin villityksiin ja kes\u00e4n kuumimpaan vaateparteen!<\/p>\n<p>Tarjoamme mm. :<\/p>\n<ul>\n<li style=\"text-align: left;\">Keskiajan muotin\u00e4yt\u00f6s<\/li>\n<li>Luentoja keskiajan pukeutumisesta (esim. miesten vaateparsi, naisten vaateparsi, p\u00e4\u00e4hineet)<\/li>\n<li>Kursseja ja ty\u00f6pajoja, jossa opetetaan mm. k\u00e4sity\u00f6tekniikoita ja valmistamaan vaatteita keskiaikaisten l\u00e4hteiden mukaan<\/li>\n<\/ul>\n<p>Kysy lis\u00e4\u00e4 kursseista ja luennoista, mahdollisia aiheita on runsaasti!<\/p>\n<p style=\"text-align: center;\">Tutustu my\u00f6s muuhun tarjontaamme:\u00a0<a href=\"https:\/\/neulakko.net\/iloinenjoutsen\/?page_id=138\">Luennot ja opetus<\/a>\u00a0 \u00a4\u00a0<a href=\"https:\/\/neulakko.net\/iloinenjoutsen\/mita-teemme\/tyonaytoksia\/\"> Ty\u00f6n\u00e4yt\u00f6ksi\u00e4<\/a> \u00a4\u00a0<a href=\"https:\/\/neulakko.net\/iloinenjoutsen\/?page_id=136\">Keskiajan ruoka<\/a><\/p>\n<p>&nbsp;<\/p>\n<div id=\"attachment_21\" style=\"width: 651px\" class=\"wp-caption aligncenter\"><img loading=\"lazy\" decoding=\"async\" aria-describedby=\"caption-attachment-21\" class=\"wp-image-21\" src=\"https:\/\/neulakko.net\/iloinenjoutsen\/wp-content\/uploads\/2018\/03\/IMG_1055.jpg\" alt=\"\" width=\"641\" height=\"480\" srcset=\"https:\/\/neulakko.net\/iloinenjoutsen\/wp-content\/uploads\/2018\/03\/IMG_1055.jpg 960w, https:\/\/neulakko.net\/iloinenjoutsen\/wp-content\/uploads\/2018\/03\/IMG_1055-300x225.jpg 300w, https:\/\/neulakko.net\/iloinenjoutsen\/wp-content\/uploads\/2018\/03\/IMG_1055-768x576.jpg 768w\" sizes=\"auto, (max-width: 641px) 100vw, 641px\" \/><p id=\"caption-attachment-21\" class=\"wp-caption-text\">Porvaristoa parhaisiinsa pukeutuneena<\/p><\/div>\n<p>&nbsp;<\/p>\n<div id=\"attachment_13\" style=\"width: 652px\" class=\"wp-caption aligncenter\"><img loading=\"lazy\" decoding=\"async\" aria-describedby=\"caption-attachment-13\" class=\"wp-image-13\" src=\"https:\/\/neulakko.net\/iloinenjoutsen\/wp-content\/uploads\/2018\/03\/fullsizeoutput_167-1024x768.jpeg\" alt=\"\" width=\"642\" height=\"481\" srcset=\"https:\/\/neulakko.net\/iloinenjoutsen\/wp-content\/uploads\/2018\/03\/fullsizeoutput_167-1024x768.jpeg 1024w, https:\/\/neulakko.net\/iloinenjoutsen\/wp-content\/uploads\/2018\/03\/fullsizeoutput_167-300x225.jpeg 300w, https:\/\/neulakko.net\/iloinenjoutsen\/wp-content\/uploads\/2018\/03\/fullsizeoutput_167-768x576.jpeg 768w, https:\/\/neulakko.net\/iloinenjoutsen\/wp-content\/uploads\/2018\/03\/fullsizeoutput_167-1440x1080.jpeg 1440w\" sizes=\"auto, (max-width: 642px) 100vw, 642px\" \/><p id=\"caption-attachment-13\" class=\"wp-caption-text\">Kaupunkilaisia ty\u00f6vaatteissaan ja aina muodikkaita hanhia.<\/p><\/div>\n","protected":false},"excerpt":{"rendered":"<p>Mit\u00e4 linnanneito puki ylleen aamulla? Mist\u00e4 erotti rikkaan ja\u00a0 k\u00f6yh\u00e4n? Miten vaatteet oli valmistettu? Milaista oli sopiva pukeutuminen? Mik\u00e4 oli muotia?\u00a0 Iloisen Joutsenen keskiaikaisen muodin asiantuntijat vastaavat n\u00e4ihin ja muihin kysymyksiin havainnollisesti ja hauskastikin. Paljastamme keskiaikaisen pukeutumisen salat kerros kerrokselta, perehdyt\u00e4mme muodin viileisiin villityksiin ja kes\u00e4n kuumimpaan vaateparteen! Tarjoamme mm. : Keskiajan muotin\u00e4yt\u00f6s Luentoja keskiajan&hellip; <br \/> <a class=\"read-more\" href=\"https:\/\/neulakko.net\/iloinenjoutsen\/mita-teemme\/keskiajan-muotia\/\">Read more<\/a><\/p>\n","protected":false},"author":1,"featured_media":0,"parent":130,"menu_order":0,"comment_status":"closed","ping_status":"closed","template":"","meta":{"footnotes":""},"class_list":["post-134","page","type-page","status-publish","hentry"],"_links":{"self":[{"href":"https:\/\/neulakko.net\/iloinenjoutsen\/wp-json\/wp\/v2\/pages\/134","targetHints":{"allow":["GET"]}}],"collection":[{"href":"https:\/\/neulakko.net\/iloinenjoutsen\/wp-json\/wp\/v2\/pages"}],"about":[{"href":"https:\/\/neulakko.net\/iloinenjoutsen\/wp-json\/wp\/v2\/types\/page"}],"author":[{"embeddable":true,"href":"https:\/\/neulakko.net\/iloinenjoutsen\/wp-json\/wp\/v2\/users\/1"}],"replies":[{"embeddable":true,"href":"https:\/\/neulakko.net\/iloinenjoutsen\/wp-json\/wp\/v2\/comments?post=134"}],"version-history":[{"count":3,"href":"https:\/\/neulakko.net\/iloinenjoutsen\/wp-json\/wp\/v2\/pages\/134\/revisions"}],"predecessor-version":[{"id":248,"href":"https:\/\/neulakko.net\/iloinenjoutsen\/wp-json\/wp\/v2\/pages\/134\/revisions\/248"}],"up":[{"embeddable":true,"href":"https:\/\/neulakko.net\/iloinenjoutsen\/wp-json\/wp\/v2\/pages\/130"}],"wp:attachment":[{"href":"https:\/\/neulakko.net\/iloinenjoutsen\/wp-json\/wp\/v2\/media?parent=134"}],"curies":[{"name":"wp","href":"https:\/\/api.w.org\/{rel}","templated":true}]}}