{"id":130,"date":"2018-04-04T13:34:28","date_gmt":"2018-04-04T13:34:28","guid":{"rendered":"https:\/\/neulakko.net\/iloinenjoutsen\/?page_id=130"},"modified":"2024-04-05T09:15:07","modified_gmt":"2024-04-05T09:15:07","slug":"mita-teemme","status":"publish","type":"page","link":"https:\/\/neulakko.net\/iloinenjoutsen\/mita-teemme\/","title":{"rendered":"Mit\u00e4 teemme"},"content":{"rendered":"<p><span style=\"font-weight: 400;\">Iloinen Joutsen syntyi vuonna 2011. <\/span><span style=\"font-weight: 400;\">Olemme tehneet yhteisty\u00f6t\u00e4 mm. museoiden, tapahtumien ja yhdistysten kanssa sek\u00e4 Suomessa ett\u00e4 ulkomailla.<\/span><\/p>\n<p><span style=\"font-weight: 400;\">Tavoitteenamme on tehd\u00e4 n\u00e4kyv\u00e4ksi keskiajan arkiel\u00e4m\u00e4\u00e4 askareineen sek\u00e4 erilaisia k\u00e4dentaitoja ja ammatteja. Meille on t\u00e4rke\u00e4\u00e4 tarjota yleis\u00f6lle mahdollisimman historiallisesti tarkka kuva keskiajan el\u00e4m\u00e4st\u00e4. Haluamme tarjota mieleenpainuvia ja aitoja el\u00e4myksi\u00e4 &#8211; mahdollisuuden hypistell\u00e4, kokeilla tai maistaa. Mottomme on, ett\u00e4 historiaa voi oppia hauskasti!\u00a0\u00a0<\/span><\/p>\n<p><span style=\"font-weight: 400;\">Teemme mm. ty\u00f6n\u00e4yt\u00f6ksi\u00e4, opetamme ja luennoimme &#8211; tai pystyt\u00e4mme markkinakojun tai leirin keitti\u00f6ineen. <\/span><\/p>\n<p><span style=\"font-weight: 400;\">Tarjolla on monipuolista asiantuntemusta keskiajan arjesta, vaatetuksesta ja ruoasta. Kehittelemme mielell\u00e4mme my\u00f6s uusia konsepteja tarpeen ja tilanteen mukaan.\u00a0<\/span><\/p>\n<p><strong>Lue lis\u00e4\u00e4 toiminnastamme:<\/strong>\u00a0\u00a0<a href=\"https:\/\/neulakko.net\/iloinenjoutsen\/mita-teemme\/tyonaytoksia\/\">Ty\u00f6n\u00e4yt\u00f6kset<\/a>\u00a0 \u00a4\u00a0\u00a0<a href=\"https:\/\/neulakko.net\/iloinenjoutsen\/?page_id=134\">Keskiajan muoti<\/a>\u00a0\u00a4\u00a0<a href=\"https:\/\/neulakko.net\/iloinenjoutsen\/?page_id=136\">Keskiajan ruoka<\/a>\u00a0\u00a4\u00a0<a href=\"https:\/\/neulakko.net\/iloinenjoutsen\/?page_id=138\">Luennot ja opetus<\/a><\/p>\n<p>&nbsp;<\/p>\n<h4><span style=\"font-weight: 400;\">Yhteisty\u00f6kumppaneitamme<\/span><\/h4>\n<p><b>Museot<\/b><\/p>\n<ul>\n<li><a href=\"https:\/\/www.kansallismuseo.fi\/fi\/\"><span style=\"font-weight: 400;\">Suomen Kansallismuseo<\/span><\/a><\/li>\n<li><a href=\"https:\/\/www.kansallismuseo.fi\/fi\/haemeenlinna\/etusivu\">H\u00e4meen linna<\/a><\/li>\n<li><a href=\"http:\/\/www.aboavetusarsnova.fi\"><span style=\"font-weight: 400;\">Aboa Vetus ja Ars Nova<\/span><\/a><\/li>\n<li><a href=\"https:\/\/www.turku.fi\/turunlinna\"><span style=\"font-weight: 400;\">Turun linna <\/span><\/a><\/li>\n<li><a href=\"http:\/\/www.historiska.se\"><span style=\"font-weight: 400;\">Historiska museet <\/span><\/a><\/li>\n<li><a href=\"https:\/\/www.middelaldercentret.dk\"><span style=\"font-weight: 400;\">Middelaldercentret <\/span><\/a><\/li>\n<li><a href=\"https:\/\/www.museumhalland.se\"><span style=\"font-weight: 400;\">Hallands kulturhistoriska museum<\/span><\/a><\/li>\n<\/ul>\n<p><b>Keskiaikamarkkinat ym<\/b><\/p>\n<ul>\n<li><a href=\"http:\/\/keskiaikaisetmarkkinat.fi\/\"><span style=\"font-weight: 400;\">Turun keskiaikaiset markkinat<\/span><\/a><\/li>\n<li><a href=\"http:\/\/www.keskiaika.fi\"><span style=\"font-weight: 400;\">Hollolan keskiaikatapahtuma <\/span><\/a><\/li>\n<li><a href=\"http:\/\/www.medeltidsveckan.se\/\"><span style=\"font-weight: 400;\">Medeltidsveckan p\u00e5 Gotland<\/span><\/a><\/li>\n<\/ul>\n<p><b>El\u00e4v\u00f6itystapahtumat<\/b><\/p>\n<ul>\n<li><a href=\"http:\/\/www.medeltidsveckan.se\/en\/battle-of-wisby\"><span style=\"font-weight: 400;\">Battle of Wisby <\/span><\/a><\/li>\n<li><span style=\"font-weight: 400;\">100 Jahre 14tes Jahrhundert<\/span><\/li>\n<li><span style=\"font-weight: 400;\">Turun linnan ritarip\u00e4iv\u00e4t<\/span><\/li>\n<\/ul>\n<p><strong>Historianel\u00e4v\u00f6itysyhdistykset<\/strong><\/p>\n<ul>\n<li>Civitas Alidociana, Italia<\/li>\n<li>Fr\u00e4lse j \u00d6sterlandom, Suomi<\/li>\n<li>Walsingham Pilgrims, UK<\/li>\n<li><a href=\"http:\/\/www.albrechts.se\">Albrechts B\u00f6ssor, Ruotsi<\/a><\/li>\n<li><a href=\"http:\/\/www.carnis.org\">Fraternis militia Carnis<\/a>, Ruotsi<\/li>\n<li>MiM, Saksa,UK,Luxemburg<\/li>\n<li>Medium Aevum Hollolense, Suomi<\/li>\n<li>Fraternis militia Carnis, Ruotsi<\/li>\n<li><a href=\"http:\/\/www.warussepat.fi\">Warussepp\u00e4in kilta<\/a>, Suomi<\/li>\n<li>Vapaakomppania, Suomi<\/li>\n<li>Harmaasudet, Suomi<\/li>\n<li>Sommelo, Suomi<\/li>\n<li>Deventer Burgerscap, Hollanti<\/li>\n<li>Niedertor Mit Gefolge, Saksa<\/li>\n<li>More Majorum, Saksa<\/li>\n<\/ul>\n","protected":false},"excerpt":{"rendered":"<p>Iloinen Joutsen syntyi vuonna 2011. Olemme tehneet yhteisty\u00f6t\u00e4 mm. museoiden, tapahtumien ja yhdistysten kanssa sek\u00e4 Suomessa ett\u00e4 ulkomailla. Tavoitteenamme on tehd\u00e4 n\u00e4kyv\u00e4ksi keskiajan arkiel\u00e4m\u00e4\u00e4 askareineen sek\u00e4 erilaisia k\u00e4dentaitoja ja ammatteja. Meille on t\u00e4rke\u00e4\u00e4 tarjota yleis\u00f6lle mahdollisimman historiallisesti tarkka kuva keskiajan el\u00e4m\u00e4st\u00e4. Haluamme tarjota mieleenpainuvia ja aitoja el\u00e4myksi\u00e4 &#8211; mahdollisuuden hypistell\u00e4, kokeilla tai maistaa. Mottomme on,&hellip; <br \/> <a class=\"read-more\" href=\"https:\/\/neulakko.net\/iloinenjoutsen\/mita-teemme\/\">Read more<\/a><\/p>\n","protected":false},"author":1,"featured_media":0,"parent":0,"menu_order":0,"comment_status":"closed","ping_status":"closed","template":"","meta":{"footnotes":""},"class_list":["post-130","page","type-page","status-publish","hentry"],"_links":{"self":[{"href":"https:\/\/neulakko.net\/iloinenjoutsen\/wp-json\/wp\/v2\/pages\/130","targetHints":{"allow":["GET"]}}],"collection":[{"href":"https:\/\/neulakko.net\/iloinenjoutsen\/wp-json\/wp\/v2\/pages"}],"about":[{"href":"https:\/\/neulakko.net\/iloinenjoutsen\/wp-json\/wp\/v2\/types\/page"}],"author":[{"embeddable":true,"href":"https:\/\/neulakko.net\/iloinenjoutsen\/wp-json\/wp\/v2\/users\/1"}],"replies":[{"embeddable":true,"href":"https:\/\/neulakko.net\/iloinenjoutsen\/wp-json\/wp\/v2\/comments?post=130"}],"version-history":[{"count":10,"href":"https:\/\/neulakko.net\/iloinenjoutsen\/wp-json\/wp\/v2\/pages\/130\/revisions"}],"predecessor-version":[{"id":321,"href":"https:\/\/neulakko.net\/iloinenjoutsen\/wp-json\/wp\/v2\/pages\/130\/revisions\/321"}],"wp:attachment":[{"href":"https:\/\/neulakko.net\/iloinenjoutsen\/wp-json\/wp\/v2\/media?parent=130"}],"curies":[{"name":"wp","href":"https:\/\/api.w.org\/{rel}","templated":true}]}}